6. Let n be b(5). Let i be n/(-4) - (0 + 1 - -1). What is the units digit of ((-332)/(-8))/(i/(-2))?
3
Suppose 2*y + 3 = -4*d - 7, -d + 2*y + 10 = 0. What is the tens digit of 6/4*((6 - d) + 28)?
5
Suppose 0 = 5*t + 9 + 1, -2*t + 2 = p. Suppose -368 = 4*k - p*k. What is the units digit of k?
4
What is the thousands digit of ((-6945)/22 + 102/561)*-12?
3
Suppose 28*l - 61591 - 136033 = 0. What is the thousands digit of l?
7
Let n(r) = r**3 - 6*r**2 + 4*r + 8. Let f be n(5). Suppose -39 = 3*s - 0*k + f*k, 4*k = -2*s - 22. What is the tens digit of 65 + (s/(-3))/(-5)?
6
Let j be 5 - (-1 + -2 + 6). Let r = -19 + 151. Suppose -r - 110 = -j*i. What is the units digit of i?
1
Let b be (6/(-3))/((-5)/((-1070)/4)). Let p = 484 + -236. Let f = p + b. What is the hundreds digit of f?
1
Suppose 0 = -10*s + 17*s + 7. What is the hundreds digit of 3*(133 - -3 - s)?
4
Let o(s) = s**3 - 4*s**2 - 6*s + 6. Let w be o(7). Suppose 2*j + 3*q + 66 + 10 = 0, -j + 3*q = 56. Let c = w + j. What is the tens digit of c?
6
Let c(j) = j**2 - 18*j + 4. Let i be c(18). Suppose -4641 = -i*l - 5*t, -1885 = 5*l + t - 7702. What is the thousands digit of l?
1
Let v(h) = -14*h**3 + 2*h**2 - 3. Let j = -223 + 220. What is the tens digit of v(j)?
9
Let h(o) be the first derivative of -o**3/3 - 11*o**2/2 + 12*o - 11. Let i be h(-8). What is the tens digit of 856/13 + i/234?
6
What is the units digit of ((-158)/237 - (-63014)/(-6))*2/(-3)?
2
Let u = -114 - 308. Let p = -311 - u. What is the hundreds digit of p?
1
Suppose 43*a + 225340 = 952341. What is the tens digit of a?
0
Suppose 294*o - 289*o + 75099 = 3*y, 4*o = y - 25019. What is the units digit of y?
3
Let r(m) = m**3 - 21*m**2 + 320*m + 27. What is the thousands digit of r(18)?
4
Let w(i) = 953*i**2 - 34*i - 210. What is the hundreds digit of w(-6)?
3
Let j be (-6 - 8367/(-9)) + (-1)/(-3). Let r = j - 479. What is the hundreds digit of r?
4
Let g(c) = -1543*c + 2071. What is the hundreds digit of g(-3)?
7
Let n(z) = 301*z + 46. Let k be n(4). Suppose 5*y = 560 + k. What is the tens digit of y?
6
Let x(z) = 54 + 31*z**2 + 3*z**3 - z**2 - 4*z**3 - 90*z. What is the hundreds digit of x(26)?
4
Suppose 0 = 17*b - 15*b + 3*w - 7695, -19205 = -5*b - w. What is the tens digit of b?
4
Let z(j) = 1. Let q(r) = 5*r + 0*r - 6 + 2 - 4*r. Let l(y) = 2*q(y) + 9*z(y). What is the tens digit of l(12)?
2
Let s(n) = n**3 - 8*n**2 - 30*n - 33. Let m be s(11). What is the tens digit of (m - -3)*(2 + 1214/6)?
1
Let k(u) = u**2 + 2*u - 13. Let q be k(-5). Suppose 0 = q*a - 8*a + 474. Let d = 113 - a. What is the tens digit of d?
3
Suppose -7*k + 5*k = -112. Let p = k + -40. Let m = 58 - p. What is the units digit of m?
2
Suppose 4*o - 4*v = -5*v, -4*v = o. Let s be 223 - (o/(-1) - -3). Suppose -16*i = -18*i + s. What is the tens digit of i?
1
Suppose -5*l = 15, 11*l = -3*m + 7*l + 6321. What is the thousands digit of m?
2
Let k = 326 - 323. Suppose 5*j = -k*p + 2861, -5*p - 346 = -j + 215. What is the hundreds digit of j?
5
Suppose 28*a - 15 = -5*m + 33*a, a - 4 = 0. Let s(c) = c**3 + 4*c**2 - 16*c + 15. What is the tens digit of s(m)?
4
Let k be 0/(-8) - (-245 - (1 - 2)). Let c be k/(-2) + 16 + -11. Let y = 196 + c. What is the tens digit of y?
7
Suppose 17 = 3*x - l, -6 = 5*x - 5*l - 51. Suppose -h = -0 + x, 5*k - h = 1759. Suppose 8*j - 89 = k. What is the tens digit of j?
5
Let a(p) = -p**3 + 17*p**2 + 2*p + 24. Let o be a(15). Suppose -5*x - 5*t = -7*t - o, 4*x = 5*t + 410. What is the tens digit of x?
0
Let i = -235 + 214. Suppose -h = -3, -7*c + 3*c + 2*h = -1122. What is the tens digit of (i/(-6) + -4)/((-3)/c)?
4
Let i be (-1 + 903/6)*(-24 + 22). Let k = 824 + i. What is the hundreds digit of k?
5
Suppose -4*d + 10*d - 34548 = 0. Let y = d + -4105. What is the tens digit of y?
5
Let o = 7287 - 2267. What is the hundreds digit of o?
0
Let g = 4 + -30. Let n = g + -7. Let a = -1 - n. What is the units digit of a?
2
Let d(x) = -3*x**3 - x**2. Let k(a) = -216*a**3 + 3*a**2 + 2*a + 3. Let l(j) = 4*d(j) + k(j). What is the tens digit of l(-2)?
1
Suppose -7*c + 16 - 72 = 0. Let v be (-2496)/91*(1 + c). Let h = v - 92. What is the hundreds digit of h?
1
Let n(d) be the second derivative of d**4/4 + 7*d**3/3 + 5*d**2 + 8*d. Let m be n(-5). Let u = m - -18. What is the tens digit of u?
3
Let a be (-26 + 27)*0/2. Suppose 0 = -5*j - 3*r - 255, -r = -2*j - 0*j - 113. What is the tens digit of 2 + a - (j - 5)?
6
Let p = 300 - 349. Let m = p - -75. What is the units digit of m?
6
Suppose -2*a + 131 = 563. Let x = -42 - a. Suppose -5*u = u - x. What is the units digit of u?
9
Let b be 0 - 104/(-10) - 10/25. Let y be 12/8 + 1345/b. Suppose y = 3*j + 5*j. What is the units digit of j?
7
Let n = -994 + 1456. Let l = n + -102. What is the units digit of l?
0
Let m(y) = -261*y + 111. Let b be m(12). What is the units digit of (42/(-231) + b/22)*-2?
5
Suppose -31*u = -27 - 35. What is the hundreds digit of 2433/9 + u - 3/9?
2
What is the tens digit of ((-4392)/32)/(1*3/(-136))?
2
Let f be 4/(-1*4) - (-5 + -61). Let i = 101 - f. Suppose 7*l - 3*l = -3*r + 28, r = -4*l + i. What is the units digit of l?
0
Let r = 77 + -72. Let d be (-7869)/(-45) + 2/15. Suppose r*m - d = 5*y, y + 2*y - 111 = -3*m. What is the tens digit of m?
3
Suppose 0 = 37*n - 61*n + 896137 + 725303. What is the ten thousands digit of n?
6
Let u(t) = -2*t + 38. Let w be u(19). Suppose -o - 5*b = -154, -2*o + 3*b + 20 + 236 = w. What is the hundreds digit of o?
1
Suppose -8*i = -16*i - 5592. Let k = -320 - i. What is the units digit of k?
9
What is the units digit of (-3 + 50/(-3))*18*-4?
6
Let k(r) = -r**3 - 6*r**2 + 3*r - 10. Let l be k(-7). What is the units digit of ((-780)/l)/((-4)/12)?
0
Let k(b) = 9*b**2 - 134*b + 160. What is the tens digit of k(-68)?
8
Suppose -28*d - 2277 = -37*d. Suppose o - d = -2*r, -6 + 21 = 3*o. What is the units digit of r?
4
Let g(n) = 92*n**2 + 10*n - 241. What is the ten thousands digit of g(13)?
1
Suppose 340 + 150 = 35*f. Suppose 11*m = -f*m + 23425. What is the units digit of m?
7
Let o be 3 + (-5 - (-5 - -3)) + 2. Suppose -2*a + 16 = 3*x + o*a, x - 3*a = 1. Suppose 178 = 3*k + u - 193, -x*k + 501 = -5*u. What is the hundreds digit of k?
1
Suppose -g - 9107 = -2*x, 4*x - 5*g - 977 = 17222. What is the thousands digit of x?
4
Let m(v) = v**2 - 12*v - 12. Let b be m(7). Let c = -45 - b. Suppose -3*f + f - 5*o = -49, 48 = c*f + 4*o. What is the tens digit of f?
2
Let z(m) = 336*m**2 + 22*m + 8. What is the units digit of z(-6)?
2
Let p(i) = -2*i**3 - 10*i**2 - 1. Let b be p(-7). Let y = b + -86. Suppose -y*l + 110*l = 178. What is the tens digit of l?
7
Let x(d) = 34*d**2 - 47*d - 11. Let u be x(3). Suppose -2*y = -4*y + 116. Suppose s = 3*l - u, -s = -l + s + y. What is the units digit of l?
0
Let v = -437 + 71. What is the tens digit of v/(-8)*(8 + 0/4)?
6
Let t(m) = -540*m**3 + 5*m**2 + 2*m - 1. What is the tens digit of t(-2)?
3
Let h(i) = -i**2 - 5*i - 8. Let l be h(-2). What is the hundreds digit of l/(-9) - (3 + (-30880)/36)?
8
Suppose 55 = -c + 4*h, 5*c - 4*h + 5*h = -254. Let t = 27 + c. Let i = 7 - t. What is the tens digit of i?
3
Suppose -5*h - 5*s - 20 = 0, 3*h - 2 = -2*s + 6*s. Let q be h/(-4) - (-10)/4. Suppose 9*r - 378 = q*r. What is the units digit of r?
3
Suppose -5271 = -2*j + d, 0 = d + 49 - 46. What is the hundreds digit of j?
6
Let o(r) be the second derivative of 0 + 5/3*r**3 + 18*r**2 - 21*r. What is the units digit of o(11)?
6
Let f = -720 - 640. What is the units digit of (f/(-60))/((-50)/54 - -1)?
6
Suppose k = 36 - 18. What is the hundreds digit of 6980/k + (-10)/(-45) - -1?
3
Let x = -17 - -19. Suppose t = x*y - 1, -y - 10 - 2 = -3*t. Let r(v) = 6*v**2 - 4*v + 4. What is the tens digit of r(y)?
4
Suppose 54*l + 3216 = 51*l. What is the hundreds digit of ((l/10)/2)/(10/(-25))?
1
Let t = 1800 - 407. Suppose 66*k = 65*k + t. What is the thousands digit of k?
1
Let i(p) = 93*p - 1. Let j(r) = -1764*r + 21. Let n(t) = -56*i(t) - 3*j(t). What is the tens digit of n(6)?
9
What is the units digit of 171/57 - (1 - 80 - -1)?
1
Suppose -2*v + 2*a - 3 = -15, 3 = -v + 4*a. Suppose -2*o + v - 17 = 0. What is the units digit of ((-2)/o)/(-3 + (-374)/(-124))?
1
Let g(v) = 4*v**2 + v + 2628. Let w be g(0). Suppose -w = -6*x + 7488. What is 